138.
46
Suppose -407*v + 395*v + 456 = 0. What is the highest common factor of 323 and v?
19
Suppose 0 = -4*n + w + 54 - 17, -5*n + 3*w = -55. Let z be ((-13)/((-26)/84))/(6/8). Calculate the highest common factor of z and n.
8
Let h be ((-12)/18)/((-2)/63). Let f(r) = r**3 + 4*r**2 + 3*r + 3. Let t = -6 - -3. Let b be f(t). What is the greatest common divisor of b and h?
3
Let v(u) = u**2 - 2*u - 6. Let m be v(-4). Let l(d) = -d**3 + 5*d**2 + 18*d - 16. Let b be l(7). What is the greatest common divisor of m and b?
6
Suppose 3*b - 3 = -5*s + 49, 3*b = -3*s + 48. Suppose 7*g + 700 = b*g. Calculate the highest common factor of 20 and g.
20
Let h(u) = 11*u**2 - 10*u + 13. Let p be h(2). Let g be (20/15)/(2/111). Calculate the highest common divisor of p and g.
37
Let h(r) = -r**3 - 12*r**2 - 2*r - 4. Let g be (2*4)/((-52)/78). Let d be h(g). Suppose -4*c - 500 = -9*c. What is the greatest common factor of d and c?
20
Let v(q) = -q**2 + 7*q + 35. Let l be v(10). Suppose -l*c + 15 = 0, -5*k + k = -c - 5. What is the greatest common factor of 10 and k?
2
Suppose 31*p = 16*p + 720. Calculate the greatest common factor of p and 66.
6
Suppose -4*z + 180 + 132 = 0. Suppose 5*c - z = i, 0 = -2*c + 2*i + 56 - 20. Suppose -m + 8 + c = 0. Calculate the greatest common divisor of 184 and m.
23
Let a be 3*4/24 + 19459/58. Calculate the greatest common divisor of 210 and a.
42
Let s(g) = -18*g + 6. Let c be s(-2). Suppose -c*a - 16 = -43*a. Calculate the greatest common factor of 16 and a.
16
Let v(r) = -6*r - 23. Let t be v(-8). Suppose 20*i = t*i - 65. What is the highest common factor of 26 and i?
13
Suppose -4*d + 282 = 122. Suppose -2*f + 5*a + 0*a + 25 = 0, -5*f - 4*a = -145. Let q = d - f. What is the greatest common divisor of q and 6?
3
Let w be (-28)/(-5) - ((-21)/15 - -2). Suppose 0 = -4*p + w*p - 13. Calculate the greatest common factor of 39 and p.
13
Let h(g) = g**3 + 3*g**2 - 2*g - 1. Let z be h(2). Suppose 4*x = 3*x + 5. What is the greatest common divisor of x and z?
5
Let q = 1515 - 1306. Calculate the highest common divisor of q and 66.
11
Let b(s) = -36*s + 38. Let m be b(-18). What is the greatest common factor of m and 14?
14
Let m(b) = -58*b - 208. Let p be m(-4). What is the highest common divisor of p and 9?
3
Suppose 0 + 10 = -2*m, 2*c + 2*m - 12 = 0. Calculate the greatest common divisor of 11 and c.
11
Let a be -123 - (-1)/(4/(-8)). Let z be -2 - ((-2 - -3) + -30). Let n be a/(-3) - (-9)/z. What is the greatest common factor of 28 and n?
14
Let c(d) = -d**3 + 40*d**2 - 40*d + 93. Let g be c(39). What is the greatest common factor of g and 432?
54
Suppose -9*i + 16 = -7*i. Suppose i*n - 4*n - 1248 = 0. What is the greatest common factor of n and 39?
39
Suppose -2169*b = -2175*b + 2262. Calculate the highest common factor of b and 39.
13
Let j be 0*(-1)/(-4) - -1. Let x be 1 + 2 + (78 - j). Calculate the highest common factor of 32 and x.
16
Suppose 16 = -5*y + 4*b - 0*b, 3*b - 1 = y. Let w be 5/((-5)/y) + -7. Let u = w - -19. What is the highest common divisor of 24 and u?
8
Let d = -1 + 33. Let p = 17 - 9. Suppose h + 0 = 3*j - 8, 3*h - j - p = 0. Calculate the greatest common divisor of h and d.
4
Let r = -373 - -533. Let y(i) = -i**3 - 24*i**2 - 21*i + 56. Let k be y(-23). What is the greatest common divisor of k and r?
10
Let o be 194 + -2 + -2 - 5. Let z = 329 - o. Calculate the highest common divisor of z and 96.
48
Let j(m) = -1 + 1 + 2 - 7*m + 3*m. Let u be j(3). Let y = u - -12. Calculate the greatest common divisor of y and 10.
2
Let r(d) = 16*d. Let n be r(7). Suppose 3*l + 5*l - n = 0. Suppose -3*f - 17 = 4*c - 54, 3*c - 3*f - 12 = 0. Calculate the greatest common factor of l and c.
7
Suppose -j + 3*j + 16 = 0. Let d be (j/6)/(8/(-96)). Let v be (24/(-9))/((-4)/6). What is the highest common factor of v and d?
4
Suppose 12 = 2*o + 4. Let g be (-60)/(-27) + ((-58)/18 - -3). Suppose 4*z = -2*b + 8 + o, g*b + 6 = 5*z. What is the highest common divisor of 16 and z?
2
Suppose 1977 = s + 1897. Calculate the highest common divisor of 88 and s.
8
Let y(r) be the third derivative of -r**4/24 + r**3 + 13*r**2. Let w be y(0). Let a be -4 + -4 + w + 74. What is the highest common factor of 9 and a?
9
Let v be (-378)/(-72)*(-4)/(-3). Let c be 4/v + (-8140)/(-259). Calculate the highest common divisor of c and 4.
4
Let o be 6382/6 - (-17)/51. What is the greatest common divisor of o and 608?
152
Suppose -6 = 3*a - 12. Let r(u) = -8*u**3 - a*u**3 + 11*u**3 - 4*u. Let b be r(4). Calculate the highest common factor of 32 and b.
16
Let k(q) = 2*q. Let m be k(-1). Let g be -11 + 28 - (-4)/m. What is the highest common factor of g and 15?
15
Let t be (-14)/(-1)*(-60)/(-8). Calculate the greatest common factor of t and 45.
15
Let n = 69 + -64. Let w(p) = -87*p + 3. Let y be w(-4). Suppose -n*a = 3*m - y, -3*a - a + 234 = 2*m. What is the greatest common divisor of 13 and m?
13
Let r be (-4)/6*(-3 - -6). Let t(f) = -f**2 - 4*f. Let o be t(r). Suppose b - 3*z + 10 = -0*z, 4*b - o*z = -8. What is the greatest common divisor of b and 2?
2
Let w be (4 - 12)/((-4)/7). What is the greatest common divisor of w and 854?
14
Let b(h) = -h**3 - 3*h**2 + 7*h - 11. Let o be b(-5). What is the greatest common divisor of o and 13?
1
Let r be -4 - -1 - (-13 - -2). Suppose -2*l + 46 = r. Suppose -1 = 3*q - l. What is the highest common factor of q and 36?
6
Let z = 33 - 17. Suppose 5*i + 5 = -v + z, 0 = -5*v - 3*i + 33. Calculate the greatest common factor of 48 and v.
6
Let s be (-11)/2*4*-7. Let v(l) = 3 - 9 + 14 + l + 17. Let n be v(-11). Calculate the greatest common divisor of s and n.
14
Suppose -4*i - 1008 = -22*i. Let c be (-3)/5 - (-114)/15. What is the greatest common divisor of c and i?
7
Let v = 166 - 128. Calculate the highest common divisor of v and 646.
38
Suppose 2*z + z - 18 = 0. Let a(g) = g - 5. Let b be a(9). Suppose b*n - z*n = -108. Calculate the highest common divisor of n and 6.
6
Let d(p) = 7*p + 68. Let r be d(-14). Let w be 21/6*r/(-105). Let g(j) = 2*j - 3. Let t be g(3). What is the greatest common divisor of t and w?
1
Let h(v) = 9*v**2 + 21*v - 221. Let z be h(9). What is the highest common divisor of z and 17?
17
Let q = 1328 - 1322. Suppose 0*j = -5*j + 45. Suppose -4*v + j - 1 = 0. What is the greatest common factor of v and q?
2
Let i be (5/2)/((-5)/(-120)). Suppose 2*z + 0 = -5*o + 28, 0 = 2*z - o - 52. Calculate the greatest common factor of i and z.
12
Let a = -1510 - -1574. What is the highest common factor of a and 112?
16
Let n = 9 - 10. Let m = 4 - n. Suppose -3*r + 79 = m*p, 3*p - 4*r = -9 + 68. What is the greatest common factor of p and 68?
17
Suppose -3*h = 5*w - 88, -w + 24 + 23 = 2*h. Suppose -2*o + 2*d + 34 = 0, -3*o - d + 29 = -10. Calculate the highest common divisor of o and h.
7
Let i(n) = n**3 + 17*n**2 + 20*n - 34. Let x be i(-15). Suppose 7*v = 8*v - x. What is the greatest common divisor of v and 29?
29
Let f = 8 + -19. Let t be (28/6)/(((-48)/(-18))/(-8)). Let q = f - t. What is the greatest common factor of q and 15?
3
Let s = -1073 - -1076. Let x = 40 + -13. Calculate the greatest common factor of s and x.
3
Suppose 5*v + 3*b = 46, -4*v - b = -23 - 11. Calculate the highest common factor of 216 and v.
8
Let z be -14*(2 + 95/(-10)). What is the highest common divisor of 30 and z?
15
Suppose t = -4*f - 9, -t - 9 = -4. Let l be 38*f/(-2) + -2. Suppose 0 = -42*n + 7*n + 2975. Calculate the greatest common factor of l and n.
17
Let w(o) = 9*o - 9. Let b be w(17). Suppose 5*f + b = f. Let i = f + 69. What is the highest common divisor of i and 3?
3
Suppose -24 - 20 = -2*r. Calculate the highest common divisor of r and 66.
22
Suppose 5*u - 19 = -2*t, -6*t + 2*u = -8*t + 28. Let k be 2/(-7) - 205/(-7). Let r = k - t. Calculate the greatest common factor of r and 12.
12
Let k = 8 + -6. Let n be (k - -1) + -3 - -6. Calculate the greatest common divisor of n and 42.
6
Let p = 616 - 418. Suppose 4*t = 2*r + 5 - 49, -3*r + 5*t = -64. Calculate the greatest common divisor of p and r.
18
Let t be (-7 - -7) + -7 + 40. What is the highest common divisor of t and 66?
33
Let q be 16/24 + (-8)/(-6). Let c be (-11)/((10/20)/((-1)/q)). Let x(h) = 5*h**2 - 4. Let m be x(-5). Calculate the highest common factor of m a